24 is divided by i.
8
Let l = 2866 + -2677. Calculate the remainder when l is divided by 10.
9
Let s = 438 + -438. Suppose -2*h + 5*i + 26 + 35 = s, -98 = -3*h + i. Calculate the remainder when 83 is divided by h.
17
Let n be (2/(-7))/(2/(-28)). Suppose 3*m + w + 110 = 7*m, -4*m + n*w + 104 = 0. What is the remainder when 90 is divided by m?
6
Let a be -6 - -9 - 48 - -3. Let q = a + 54. Calculate the remainder when 44 is divided by q.
8
Let r = 5707 - 5704. Calculate the remainder when (14/(-4))/((-2)/12) is divided by r.
0
Let s(v) = 6*v - 1. Let q be -4*20/(4 + -9). Calculate the remainder when (24/q)/(77/(-40) - -2) is divided by s(1).
0
What is the remainder when 807 is divided by (-12)/(-24)*(-1)/((-10)/240)?
3
Suppose p = 89 - 0. Suppose -r = -h + 6, -8*h + 3*h = -3*r - 28. Suppose -h*t + x + 92 = 0, -2*t = -3*t - x + 16. What is the remainder when p is divided by t?
17
Let w(v) = -67*v - 95. What is the remainder when 374 is divided by w(-2)?
23
Let j = 22796 + -22693. Calculate the remainder when j is divided by 7.
5
Suppose 2*i = 6, -i = -2*x - 3*i - 10. What is the remainder when 10 is divided by 4 - ((-33)/11 - x/2)?
1
Suppose -2*g - 2*i + 48 = 0, -2*i = -4*g - 5*i + 95. Let b(p) = 2*p + 113. What is the remainder when b(11) is divided by g?
20
Suppose -5*c + c - 57 = -3*f, -5*f + c + 112 = 0. Let y = -9 + f. What is the remainder when (-1947)/(-39) + (-32)/(-416) is divided by y?
8
Suppose 0 = 6*j - 78 + 96. Let s(v) = 3*v**2 + v - 10. Calculate the remainder when s(j) is divided by 6.
2
Suppose 81 = 4*k - 19. Suppose 2*n - 36 = -4. Let j = k - n. Calculate the remainder when 16 is divided by j.
7
Suppose 34*y - 5280 = 1452. What is the remainder when 791 is divided by y?
197
Let p(w) = 229*w + 9168. Suppose 111 = 2*t - 4*f - 27, -110 = -2*t - 3*f. Calculate the remainder when t is divided by p(-40).
5
Let s = -777 - -903. Calculate the remainder when s is divided by 61.
4
Suppose 0 = -2*o - 1 + 37. Let m be 0 - 4/(-18) - (-86)/o. Calculate the remainder when 4 is divided by m/(20/12) + -1.
0
Let z be -7 + 6 - (-2 - (4 - 3)). Let w(g) = -17*g**2 - g + 7. Let n be w(z). What is the remainder when (-174)/(-8)*(-168)/n is divided by 16?
10
Suppose s = 32 - 35. Let i be 19/(-57) + (-7)/s. Calculate the remainder when 107 is divided by (-1000)/(-45) - (i + 64/(-36)).
19
Suppose m + 55 - 52 = 0, -f = -3*m - 231. Calculate the remainder when 1768 is divided by f.
214
Let f(v) = 2*v**2 - 10*v - 35. Let i(y) = -y**2 - 31*y + 8. Let a be i(-31). What is the remainder when 49 is divided by f(a)?
10
Suppose 2*s - 236 - 614 = -5*z, -z - 2*s = -178. Calculate the remainder when z is divided by 36.
24
Let m = 190 + -131. Let z(y) = -3*y - 44. Let r be z(-18). Suppose -r*n - 60 = -12*n. What is the remainder when m is divided by n?
29
Let k = -19480 + 20005. What is the remainder when k is divided by 468?
57
Let d = 177 - 95. Let p = -55 + d. Suppose 81 = 3*n + 3*z - 129, 4*n - 5*z - 316 = 0. What is the remainder when n is divided by p?
20
Suppose 100100 = 640*m + 97*m - 165*m. Let t = 13 + 9. Calculate the remainder when m is divided by t.
21
Let g(s) = s**3 + s**2 + s + 1. Let a be g(-1). Suppose 4*n - 2*n + 100 = a. What is the remainder when 149 is divided by -5*5/n*76?
35
Let f(c) = -12*c - 2. Let j be (-636)/(-9) - 24/36. Let x = j - 63. Calculate the remainder when f(-4) is divided by x.
4
Let d(i) = -832*i + 5853. Let p(f) = 4*f + 3. Let w(c) = -2*c - 1. Let h(a) = 4*p(a) + 10*w(a). What is the remainder when d(7) is divided by h(-4)?
11
Let v be (-83)/7 + 2/(-14). What is the remainder when 114 is divided by (108/v)/((-1 + 0)/1)?
6
Suppose -2*k - 5*t - 31 = -239, -2*k + 204 = 4*t. Suppose -k*x = -89*x - 30. What is the remainder when ((-81)/(-6) + 1)*2 is divided by x?
5
Let n(p) = -p**2 + 9*p + 2. Let h be n(4). Let c(v) = v + 12 + h - 2. What is the remainder when c(18) is divided by 26?
24
Suppose -12*u - 41 - 7 = 0. Let m be (-95)/(-35) + u/(-14). Suppose -2*b + 433 = 5*o, 0 = -m*b - b + 16. Calculate the remainder when o is divided by 29.
27
Suppose -2*l + 2*t - 12 = -3*l, 0 = -l - t + 15. What is the remainder when 82 is divided by l?
10
What is the remainder when 225 is divided by 2 + -1 - (20/(-50))/(3/540)?
6
Suppose 5 = 2*c + k - 6, 0 = 3*c - 3*k - 21. Suppose -103 = 4*f - 119. Calculate the remainder when c is divided by f.
2
Let o = 14 + -9. Suppose -16*g - 523 - 277 = 0. Let l = g - -68. What is the remainder when l is divided by o?
3
Let s(m) = 2*m**2 - 7*m - 9. Let w(t) = t**3 - 24*t**2 - 5*t + 128. Let h be w(24). Calculate the remainder when s(h) is divided by 17.
12
Let g = -5295 + 5362. Suppose s = -5*l - 0*l - 15, 4*s = -4*l + 4. Suppose -g = s*r - 6*r. Calculate the remainder when r is divided by 34.
33
Suppose 18*v = 20*v - 12. Let x(a) = -2 + 4 - 5 + 2*a**2 - 7*a - 2. Calculate the remainder when 71 is divided by x(v).
21
Let l = -12 - -15. Suppose -u + 4*u - t + 13 = 0, 0 = u + t + l. Let k = u - -16. What is the remainder when 46 is divided by k?
10
Let w = -1067 + 3702. Calculate the remainder when w is divided by 132.
127
Suppose 4526 = 34*l + 276. Let s = l + -91. What is the remainder when s is divided by 6?
4
Let u = -6 - -15. Let s be 4 - 2/((-6)/u). Let b(f) = 2*f - 9. What is the remainder when 24 is divided by b(s)?
4
Suppose 0*r - 8*r = -48. What is the remainder when ((-134)/r)/((-13)/3 - -4) is divided by (-9)/12*-4 - -4?
4
Let l(d) = d**3 - 7*d**2 - 4*d - 31. What is the remainder when l(10) is divided by 2*26 - 3*(-24)/12?
55
Calculate the remainder when 1205 is divided by (-112776)/(-740) - (0 - (-6 + 3))/(-5).
134
Let x(y) = -5*y**2 - 35*y - 24. Let i(z) = -6*z - 5. Calculate the remainder when x(-5) is divided by i(-5).
1
What is the remainder when 1722 is divided by (1235/(-20))/(23/(-92))?
240
Suppose 0 = 17*c - 4*c - 3896 - 7037. Calculate the remainder when c is divided by 296.
249
Suppose -14 + 62 = 16*g. Suppose -q + 69 = -5*r, q - 4*r + g*r = 73. What is the remainder when q is divided by 13?
9
Suppose 706 = u - 94. Suppose 17*f - f - u = 0. Calculate the remainder when 192 is divided by f.
42
Suppose -5*g - 5*t = -66450, 5 = 104*t - 105*t. What is the remainder when g is divided by 109?
106
Let d(g) = 14*g + 14. Suppose -20*n + 198 - 38 = 0. Calculate the remainder when d(n) is divided by 45.
36
Suppose 0 = -5*s + 20, 6*s - 9*s = 2*o + 300. Let z = 179 + o. Suppose 0*m = -m + 89. What is the remainder when m is divided by z?
20
Let y = -66 + 77. Let h(m) = -m**3 + 14*m**2 - 32*m - 4. Calculate the remainder when 18 is divided by h(y).
4
Let b(v) = 2*v**2 - v + 14. Let t(p) = p**2 - 5*p + 15. Let s(k) = 5*b(k) - 4*t(k). Calculate the remainder when s(-3) is divided by 8.
3
Let m(o) = -7*o + 122. Let i be m(6). Calculate the remainder when (-137 - 1)/((-3)/2) is divided by i/((-250)/(-20) - 10).
28
Suppose 0 = 2*f - 4*f + 182. Let y(u) = u**3 + 26*u**2 - 27*u + 23. Suppose 5*t - 11*t = 162. What is the remainder when f is divided by y(t)?
22
Let g = 2239 - 2172. Calculate the remainder when 326 is divided by g.
58
Let t = 208317 + -207846. What is the remainder when t is divided by 2/7 + (-822)/(-14)?
58
Suppose 6*q - 9*q + 1053 = 0. Suppose 55 = -4*z + q. Let b = z - 57. Calculate the remainder when 46 is divided by b.
12
Let g be (5 - 5 - -25)*1. Suppose 0 = -3*m - 2*t + 145, -2*m - 27*t + 98 = -g*t. Let p(z) = 11*z**2 + z. What is the remainder when m is divided by p(-1)?
7
Let b = 321 - 309. Calculate the remainder when 64/(44/b - 3) is divided by 43.
10
What is the remainder when 59 is divided by (0 - -26)*36/24?
20
Let g = -30 + 149. Suppose -5*z = -g + 84. What is the remainder when 33 is divided by z?
5
Let p be (12/(-35 - -11))/(1/(-4)). Suppose 76 = a + p*h - 64, -4*a - 5*h + 551 = 0. What is the remainder when a is divided by 34?
32
What is the remainder when 2419 - -1*((-38)/(-209))/(4/22) is divided by 343?
19
Suppose 0 = -0*i + 3*i - 180. Let d(l) = -l**2 - 116*l + 880. What is the remainder when i is divided by d(7)?
3
Let d(u) = 4*u + 103. Let f be d(-25). Suppose -96 + 6 = -4*h - 3*a, -f*a = -2*h + 36. What is the remainder when (-4)/(-6) + 590/6 is divided by h?
15
Suppose -4*l = -16*l - 360. What is the remainder when 235 is divided by -4 + (l/5 - -44)?
31
Suppose -v